5 + 11. Let f be (q/(-15))/((-1)/5). What is the units digit of (-9)/((-1)/(-1) - f)?
9
What is the units digit of ((-46)/(-4) + -2)/((-3)/(-66))?
9
Suppose 3*v - 11 - 19 = 0. What is the units digit of v?
0
Let n be (-2)/(3 + 14/(-5)). Let u be 1/(-3) - n/3. Suppose -u*o = -18 - 33. What is the tens digit of o?
1
Suppose -u - 5*i + 5 = 0, -4*u - 80 = -i - 4*i. What is the units digit of 21 + (-5)/(u/9)?
4
Suppose k = 2*a - 0*k - 21, 5*a + k = 56. Suppose 0*l = l + 11. What is the tens digit of (10 - a)*(l - 0)?
1
Suppose 151 + 29 = 5*z. Suppose 2*q - 2*d - z = 0, -3*q = 2*q - 4*d - 90. What is the units digit of q?
8
Suppose -11*y = -3*y - 1464. What is the tens digit of y?
8
Let p be 2*-2*(-1)/4. Let u(d) = -14*d**2 - d + 1. Let i be u(p). Let w = -10 - i. What is the units digit of w?
4
Suppose 11*m - 4592 = -3*m. What is the units digit of m?
8
Let g(i) = i**2. Let n(v) = -9*v + 6. Let c(z) = -g(z) - n(z). Let q be c(8). Let p = 7 + q. What is the units digit of p?
9
Let p(a) = 3*a**3 - 4*a**2 - 8*a. Let m(k) = -3*k**3 + 5*k**2 + 9*k. Let g(u) = -6*m(u) - 7*p(u). What is the units digit of g(-2)?
2
Suppose 0 = -4*o + 27 + 53. Suppose -10 = 5*x, 2*n + o = -0*n - 4*x. Let l = 0 - n. What is the units digit of l?
6
Let d = -3 - -3. Suppose d = 3*t + 2*o - 85, -2*o = 3*t + t - 110. Suppose -l - t = -4*v, 0 = -v - 3*l - 4 + 7. What is the units digit of v?
6
Let f = -7 + 35. What is the tens digit of f?
2
Suppose -t + 0*q - 16 = -5*q, 0 = -5*t - q - 28. Let w(k) = k**2 + 4*k. What is the units digit of w(t)?
2
Let d(a) = -a**2 - 6*a + 1. Let p be d(-6). Suppose x = p, 2*o - 5*x = 6 + 5. What is the units digit of o?
8
Let c be ((-12)/(-10))/(3/(-15)). Let t(y) = -y + 8. Let p be t(c). Suppose 4*q - 5*k - p = 0, -4*k + 14 = 6. What is the units digit of q?
6
Let l = -37 + 70. What is the units digit of l?
3
What is the tens digit of 77 + -1 - 13/13?
7
Let m = 8 + -3. Suppose -7 - m = -4*l. What is the units digit of l?
3
Let m be 7/2 + (-2)/4. Let r = 3 + -5. Let y = r + m. What is the units digit of y?
1
Let j(w) = 2*w**2 - 3*w - 2. Let h be j(3). Let y be (-2)/3 - (-16)/6. Suppose -3*g = -15, 3*n - h*n + 18 = -y*g. What is the units digit of n?
7
Let c = 18 - 9. Suppose c*k - 4*k = 115. What is the tens digit of k?
2
Let d = 6 + 2. Let c = 9 - d. What is the units digit of 3 + (-2 - (c - 4))?
4
Suppose -3*p + 16 = 5*j, -3*p = -0*p + 3*j - 12. Let h = p + 8. What is the units digit of h?
0
Let s(x) = x**2 + 7*x + 5. Let a be s(-5). Let z = a + 13. What is the units digit of z?
8
Suppose 0 = 5*a + 5*c + 10 - 0, -2*a + 2*c - 8 = 0. Let z = -3 - a. Suppose -2*d + 7*d - 15 = z. What is the units digit of d?
3
Suppose 3*y - 6 = -0*y. Suppose -50 = -5*b + v, 3*v + v + 2 = y*b. What is the tens digit of b?
1
Suppose -3*o - 79 - 7 = -2*y, 0 = -5*y - 10. Let b = 47 + o. What is the units digit of b?
7
Suppose 3*h = 5*h - 16. Suppose h*m - 80 = 4*m. Suppose 2*y - m + 2 = 0. What is the units digit of y?
9
Let m(v) = 3*v**2 + 2*v + 1. Suppose 2*u + 0*u = -2. Let l be m(u). Suppose 5*n - l*q - 14 - 9 = 0, 5*n = 4*q + 21. What is the units digit of n?
5
Suppose -43 = -5*q - 5*s + 332, 0 = 5*s - 5. What is the units digit of q?
4
Suppose 5*x - 2*x - 210 = 0. What is the units digit of x?
0
Let c(d) = d**3 + 3*d - 2 - 2*d**2 + 0*d + 3*d**2 + 0*d**2. Let j be c(2). Suppose -q + j = 3*q. What is the units digit of q?
4
Let a = 3 + 0. Suppose a*t + c = 68, 2*t + 0*t - 17 = 5*c. What is the units digit of t?
1
Let y = 6 + 5. Let q = -8 + y. Suppose 17 = q*n + 5. What is the units digit of n?
4
Suppose 3*m + 20 = -16. Let i = -21 - m. Let s = i + 17. What is the units digit of s?
8
Suppose 3*r - 2*r - 55 = -5*i, 5*i - r - 55 = 0. Suppose y - 26 = 5*q - 7, i = 2*y - q. What is the units digit of y?
4
Let o = 10 - 3. Let m = -2 - -3. Let r = o + m. What is the units digit of r?
8
Suppose 2*o = -o - 4*i + 36, 0 = 3*i + 9. Let f = 39 - o. Let g = f + -12. What is the tens digit of g?
1
Suppose -33 = o - 2*o. What is the units digit of o?
3
Let c be ((-6)/3)/((-2)/(-4)). Let d(t) = t + 6. Let x be d(c). Suppose 3*s - 4 = x. What is the units digit of s?
2
Let c = 19 + 6. What is the tens digit of c?
2
Let m = -25 + 16. Let l(q) = -q. What is the units digit of l(m)?
9
Let i(l) = -l**3 + 2*l**2 + 3*l - 3. Let p be i(2). Let k = p + -2. Let m = k + 2. What is the units digit of m?
3
Let u be ((-4)/6)/(2/(-9)). Suppose -u*d = -0*d - 18. What is the tens digit of (189/(-14))/(d/(-8))?
1
Let i(a) = 46*a - 12. What is the tens digit of i(1)?
3
Suppose 4*k - 8*k + 12 = 0. What is the units digit of k?
3
Let s be 2/1*21/14. Suppose s*w + 10 = 5*w. What is the units digit of w?
5
Let k = -28 - -20. Let h = k + 22. Suppose h + 6 = 2*t. What is the tens digit of t?
1
Let s be (2 + 0)/(2/4). Let m be ((-10)/(-6))/(9/324). Suppose -8*o + m = -s*o. What is the tens digit of o?
1
Let y = -3 - -5. Let b = y + 0. Suppose b*d - 8 = 8. What is the units digit of d?
8
Let p(k) = -k**2 + 2*k - 5. Suppose -13 = -4*w - 5*o + 7, 4*w = -4*o + 20. Let r be p(w). What is the units digit of (-3)/(-5) + (-68)/r?
4
Let i(y) = -7*y + 2. What is the units digit of i(-5)?
7
Let c(p) = 5*p**2 + 10*p + 20. What is the tens digit of c(-7)?
9
Let s(n) = -n**3 + 4*n**2 - 2*n - 2. Let z be -2 + 2 + -2 + 4. Let o be s(z). What is the units digit of (4/o)/((-2)/(-5))?
5
Let r = -554 + 982. What is the tens digit of r?
2
Let i be 714/(-78) + (-2)/(-13). What is the tens digit of (-2)/(-4)*(57 - i)?
3
Let l = 11 + -11. Suppose l = -0*q - q + 12. What is the tens digit of q?
1
Let z(o) = -2*o**3 - 2*o**2 + 8*o + 1. What is the tens digit of z(-5)?
6
What is the tens digit of 5/(15/12) + 53?
5
Suppose 4*x - 2*x - 6 = 0. Suppose x*n - 2*k + k = 64, -2*k + 40 = 2*n. What is the units digit of n?
1
Suppose 4*o - 3 - 1 = 0, r = 5*o. Let u = -2 + r. What is the units digit of u?
3
Let t = 173 + -119. What is the units digit of t?
4
Let n(d) = d**2 - 25*d - 10. What is the tens digit of n(-4)?
0
Suppose 3*j - j + 3*t - 15 = 0, 2*t + 10 = 2*j. Let d = 0 + j. Suppose d*y = 3*y + 51. What is the units digit of y?
7
Let q(k) = -k**2 + 11*k - 10. Let f be q(10). Suppose f - 6 = -3*h. What is the units digit of h/3 + (-2)/(-6)?
1
Suppose -3*w + 386 = -22. What is the tens digit of w?
3
Suppose y + 83 = 5*q, -7*y = -3*y - 8. What is the tens digit of q?
1
Suppose 0 = -2*g + 295 - 115. What is the tens digit of g?
9
What is the units digit of -5 - (629 - 1)/(-4)?
2
Suppose -o - 1 = 2*z - 3, -3*o = -z - 27. What is the units digit of o?
8
Let n be (-4)/14 - (-150)/35. Suppose n*a = 8 + 4. What is the units digit of a?
3
Suppose 3*m + 4*t - 124 = -t, 4*m - 148 = 2*t. Suppose -m = -c - 1. What is the tens digit of c?
3
Suppose 0 = -0*j + j + 1. Let x be j - 1 - 7*-2. What is the units digit of (-3 + 4)/(2/x)?
6
Let g(u) = 42*u**2 - u. Let v(s) = s**3 + s**2 - 2*s - 1. Let b be v(-1). What is the tens digit of g(b)?
4
Let f = 69 - 40. Suppose 0 = l - 3*x + 14, 10*x - f = -4*l + 5*x. What is the units digit of l?
1
Let s(t) = 12*t**2 - 2*t + 3. What is the units digit of s(2)?
7
Let q = -18 + -2. What is the tens digit of (-52)/(-3)*(-30)/q?
2
Let m = -163 + 257. What is the units digit of m?
4
Suppose -s + 2*c = -4*s - 2, -3*c - 3 = 2*s. Let a(x) = -4*x + 2*x**3 - 3*x**3 + 18 + 5*x. What is the tens digit of a(s)?
1
Let u(p) = -96*p - 78. What is the units digit of u(-4)?
6
Suppose 5*c + 70 = 3*c. Let d = c - -82. What is the tens digit of d?
4
Let v(x) = x**3 + 15*x**2 - 10*x - 16. What is the hundreds digit of v(-15)?
1
Let v(p) = 2*p**3 - 4*p**2. Let f(b) = 0*b**3 + b**3 + 0*b**2 - b**2. Let h(o) = 7*f(o) - 2*v(o). What is the units digit of h(1)?
4
Let a = -2 + 5. What is the units digit of a?
3
What is the units digit of -5*(4 + 4)/(-2)?
0
Let k = 33 + -56. What is the units digit of (k/2)/((-7)/14)?
3
Let a be (6/(-15))/((-2)/10). Suppose j - a*j = -3. What is the units digit of (3/9)/(1/j)?
1
Let z = 55 - 22. What is the units digit of z?
3
Let c be 16/((0 - -1)/2). Suppose 3*h = -3*s + 66, 3*h + 4*s - c = 31. What is the tens digit of h?
2
Let q(r) = 11*r - 5. What is the tens digit of q(2)?
1
Suppose 0 = -4*x + 399 - 31. What is the tens digit of x?
9
Let c(l) = l - 4*l + 2 + 0*l - 4. Let n be c(-6). Suppose -4*i + 1